{"id":2,"date":"2011-02-15T13:41:33","date_gmt":"2011-02-15T12:41:33","guid":{"rendered":"http:\/\/brflunden28.se\/Lunden2.0\/?page_id=2"},"modified":"2024-10-10T11:02:14","modified_gmt":"2024-10-10T10:02:14","slug":"om","status":"publish","type":"page","link":"https:\/\/brflunden28.se\/","title":{"rendered":"V\u00e4lkommen till Brf Lunden 28!"},"content":{"rendered":"<p>I mysiga Lunden, mitt emellan G\u00f6teborgs centrum och natursk\u00f6na Skat\u00e5s, ligger Brf Lunden 28 med dess 78 st l\u00e4genheter. Vi hoppas att du finner all information du s\u00f6ker om f\u00f6reningen via denna hemsida.<\/p>\n<p>Vi har en <a href=\"https:\/\/www.facebook.com\/groups\/370316874993491\/\">Facebookgrupp<\/a> f\u00f6r l\u00f6pande uppdateringar och kommunikation, g\u00e5 g\u00e4rna med i den.<\/p>\n<p>Vid vattenl\u00e4ckor, ring omedelbart G\u00f6teborgs r\u00f6rjour: tel 031-500120 eller jourtelefon 031-403440, se vidare info <a href=\"http:\/\/brflunden28.se\/?page_id=229\">h\u00e4r<\/a>.<\/p>\n<p>Vid stopp i avloppet, ring omedelbart JP spolservice jour: tel 031-53 40 04.\u00a0<\/p>\n\n\n<p><\/p>\n","protected":false},"excerpt":{"rendered":"<p>I mysiga Lunden, mitt emellan G\u00f6teborgs centrum och natursk\u00f6na Skat\u00e5s, ligger Brf Lunden 28 med dess 78 st l\u00e4genheter. Vi hoppas att du finner all information du s\u00f6ker om f\u00f6reningen via denna hemsida. Vi har en Facebookgrupp f\u00f6r l\u00f6pande uppdateringar &hellip; <a href=\"https:\/\/brflunden28.se\/\">L\u00e4s mer <span class=\"meta-nav\">&rarr;<\/span><\/a><\/p>\n","protected":false},"author":1,"featured_media":0,"parent":0,"menu_order":1,"comment_status":"closed","ping_status":"closed","template":"sidebar-page.php","meta":[],"_links":{"self":[{"href":"https:\/\/brflunden28.se\/index.php?rest_route=\/wp\/v2\/pages\/2"}],"collection":[{"href":"https:\/\/brflunden28.se\/index.php?rest_route=\/wp\/v2\/pages"}],"about":[{"href":"https:\/\/brflunden28.se\/index.php?rest_route=\/wp\/v2\/types\/page"}],"author":[{"embeddable":true,"href":"https:\/\/brflunden28.se\/index.php?rest_route=\/wp\/v2\/users\/1"}],"replies":[{"embeddable":true,"href":"https:\/\/brflunden28.se\/index.php?rest_route=%2Fwp%2Fv2%2Fcomments&post=2"}],"version-history":[{"count":56,"href":"https:\/\/brflunden28.se\/index.php?rest_route=\/wp\/v2\/pages\/2\/revisions"}],"predecessor-version":[{"id":1516,"href":"https:\/\/brflunden28.se\/index.php?rest_route=\/wp\/v2\/pages\/2\/revisions\/1516"}],"wp:attachment":[{"href":"https:\/\/brflunden28.se\/index.php?rest_route=%2Fwp%2Fv2%2Fmedia&parent=2"}],"curies":[{"name":"wp","href":"https:\/\/api.w.org\/{rel}","templated":true}]}}